{"id":492,"date":"2020-12-27T13:51:41","date_gmt":"2020-12-27T12:51:41","guid":{"rendered":"https:\/\/g\u00e4stef\u00fchrungen-in-rheinhessen.de\/?page_id=492"},"modified":"2025-01-23T17:06:10","modified_gmt":"2025-01-23T16:06:10","slug":"fuehrungen","status":"publish","type":"page","link":"https:\/\/g\u00e4stef\u00fchrungen-in-rheinhessen.de\/?page_id=492","title":{"rendered":"F\u00fchrungen"},"content":{"rendered":"\n<p>Sehr geehrte Damen und Herren,<\/p>\n\n\n\n<p>hier finden Sie Informationen zu den F\u00fchrungen, die ich in <a href=\"https:\/\/g\u00e4stef\u00fchrungen-in-rheinhessen.de\/?page_id=55\" data-type=\"URL\" data-id=\"https:\/\/g\u00e4stef\u00fchrungen-in-rheinhessen.de\/?page_id=55\">Alzey<\/a>, <a href=\"https:\/\/g\u00e4stef\u00fchrungen-in-rheinhessen.de\/?page_id=70\" data-type=\"URL\" data-id=\"https:\/\/g\u00e4stef\u00fchrungen-in-rheinhessen.de\/?page_id=70\">Worms<\/a> und <a href=\"https:\/\/g\u00e4stef\u00fchrungen-in-rheinhessen.de\/?page_id=63\">Fl\u00f6rsheim-Dalsheim<\/a> anbiete.<\/p>\n\n\n\n<p>Bitte setzen Sie sich mit mir in <a rel=\"noreferrer noopener\" href=\"https:\/\/g\u00e4stef\u00fchrungen-in-rheinhessen.de\/?page_id=25\" data-type=\"page\" data-id=\"25\" target=\"_blank\">Kontakt<\/a>, wenn Sie weitere Informationen ben\u00f6tigen oder eine F\u00fchrung buchen  oder einen Ausflugstag gestalten m\u00f6chten.  <\/p>\n\n\n\n<p>Z.B: Eine Rheinhessenrundfahrt mit Ihrem Bus: F\u00fchrung in Worms, Mittagessen in Alzey mit anschlie\u00dfendem historischen Rundgang und zum Abschlu\u00df eine kleine Wanderung in Fl\u00f6rsheim-Dalsheim mit Picknick im Wingert. <\/p>\n\n\n\n<figure class=\"wp-block-gallery has-nested-images columns-default is-cropped wp-block-gallery-1 is-layout-flex wp-block-gallery-is-layout-flex\">\n<figure class=\"wp-block-image size-large\"><img loading=\"lazy\" decoding=\"async\" width=\"424\" height=\"336\" data-id=\"508\" src=\"https:\/\/xn--gstefhrungen-in-rheinhessen-bkc41e.de\/wp-content\/uploads\/2021\/01\/PA260001-Kopie.jpg\" alt=\"\" class=\"wp-image-508\"\/><figcaption class=\"wp-element-caption\">Ein Trullo in den Weinbergen <\/figcaption><\/figure>\n\n\n\n<figure class=\"wp-block-image size-large\"><img loading=\"lazy\" decoding=\"async\" width=\"448\" height=\"336\" data-id=\"509\" src=\"https:\/\/xn--gstefhrungen-in-rheinhessen-bkc41e.de\/wp-content\/uploads\/2021\/01\/4240188.jpg\" alt=\"\" class=\"wp-image-509\"\/><figcaption class=\"wp-element-caption\">Ein sch\u00f6ner Blick zum Obertorturm<\/figcaption><\/figure>\n<\/figure>\n","protected":false},"excerpt":{"rendered":"<p>Sehr geehrte Damen und Herren, hier finden Sie Informationen zu den F\u00fchrungen, die ich in Alzey, Worms und Fl\u00f6rsheim-Dalsheim anbiete. Bitte setzen Sie sich mit mir in Kontakt, wenn Sie weitere Informationen ben\u00f6tigen oder eine F\u00fchrung buchen oder einen Ausflugstag gestalten m\u00f6chten. Z.B: Eine Rheinhessenrundfahrt mit Ihrem Bus: F\u00fchrung in Worms, Mittagessen in Alzey mit &hellip; <\/p>\n<p class=\"link-more\"><a href=\"https:\/\/g\u00e4stef\u00fchrungen-in-rheinhessen.de\/?page_id=492\" class=\"more-link\"><span class=\"screen-reader-text\">\u201eF\u00fchrungen\u201c <\/span>weiterlesen<\/a><\/p>\n","protected":false},"author":1,"featured_media":0,"parent":0,"menu_order":0,"comment_status":"closed","ping_status":"closed","template":"","meta":{"footnotes":""},"class_list":["post-492","page","type-page","status-publish","hentry"],"_links":{"self":[{"href":"https:\/\/g\u00e4stef\u00fchrungen-in-rheinhessen.de\/index.php?rest_route=\/wp\/v2\/pages\/492","targetHints":{"allow":["GET"]}}],"collection":[{"href":"https:\/\/g\u00e4stef\u00fchrungen-in-rheinhessen.de\/index.php?rest_route=\/wp\/v2\/pages"}],"about":[{"href":"https:\/\/g\u00e4stef\u00fchrungen-in-rheinhessen.de\/index.php?rest_route=\/wp\/v2\/types\/page"}],"author":[{"embeddable":true,"href":"https:\/\/g\u00e4stef\u00fchrungen-in-rheinhessen.de\/index.php?rest_route=\/wp\/v2\/users\/1"}],"replies":[{"embeddable":true,"href":"https:\/\/g\u00e4stef\u00fchrungen-in-rheinhessen.de\/index.php?rest_route=%2Fwp%2Fv2%2Fcomments&post=492"}],"version-history":[{"count":7,"href":"https:\/\/g\u00e4stef\u00fchrungen-in-rheinhessen.de\/index.php?rest_route=\/wp\/v2\/pages\/492\/revisions"}],"predecessor-version":[{"id":596,"href":"https:\/\/g\u00e4stef\u00fchrungen-in-rheinhessen.de\/index.php?rest_route=\/wp\/v2\/pages\/492\/revisions\/596"}],"wp:attachment":[{"href":"https:\/\/g\u00e4stef\u00fchrungen-in-rheinhessen.de\/index.php?rest_route=%2Fwp%2Fv2%2Fmedia&parent=492"}],"curies":[{"name":"wp","href":"https:\/\/api.w.org\/{rel}","templated":true}]}}