{"id":70,"date":"2015-11-27T11:45:06","date_gmt":"2015-11-27T10:45:06","guid":{"rendered":"http:\/\/g\u00e4stef\u00fchrungen-in-rheinhessen.de\/?page_id=70"},"modified":"2025-01-22T13:41:32","modified_gmt":"2025-01-22T12:41:32","slug":"worms","status":"publish","type":"page","link":"https:\/\/g\u00e4stef\u00fchrungen-in-rheinhessen.de\/?page_id=70","title":{"rendered":"Worms"},"content":{"rendered":"\n<figure class=\"wp-block-gallery has-nested-images columns-3 is-cropped wp-block-gallery-1 is-layout-flex wp-block-gallery-is-layout-flex\">\n<figure class=\"wp-block-image size-large\"><a href=\"https:\/\/xn--gstefhrungen-in-rheinhessen-bkc41e.de\/wp-content\/uploads\/2015\/11\/Dom-S\u00fcdseite.jpg\"><img loading=\"lazy\" decoding=\"async\" width=\"448\" height=\"336\" data-id=\"43\" src=\"https:\/\/xn--gstefhrungen-in-rheinhessen-bkc41e.de\/wp-content\/uploads\/2015\/11\/Dom-S\u00fcdseite.jpg\" alt=\"\" class=\"wp-image-43\" srcset=\"https:\/\/xn--gstefhrungen-in-rheinhessen-bkc41e.de\/wp-content\/uploads\/2015\/11\/Dom-S\u00fcdseite.jpg 448w, https:\/\/xn--gstefhrungen-in-rheinhessen-bkc41e.de\/wp-content\/uploads\/2015\/11\/Dom-S\u00fcdseite-300x225.jpg 300w\" sizes=\"auto, (max-width: 448px) 100vw, 448px\" \/><\/a><\/figure>\n\n\n\n<figure class=\"wp-block-image size-large\"><a href=\"https:\/\/xn--gstefhrungen-in-rheinhessen-bkc41e.de\/wp-content\/uploads\/2015\/11\/Handy-MaiJuni-2013-171.jpg\"><img loading=\"lazy\" decoding=\"async\" width=\"336\" height=\"448\" data-id=\"44\" src=\"https:\/\/xn--gstefhrungen-in-rheinhessen-bkc41e.de\/wp-content\/uploads\/2015\/11\/Handy-MaiJuni-2013-171.jpg\" alt=\"\" class=\"wp-image-44\" srcset=\"https:\/\/xn--gstefhrungen-in-rheinhessen-bkc41e.de\/wp-content\/uploads\/2015\/11\/Handy-MaiJuni-2013-171.jpg 336w, https:\/\/xn--gstefhrungen-in-rheinhessen-bkc41e.de\/wp-content\/uploads\/2015\/11\/Handy-MaiJuni-2013-171-225x300.jpg 225w\" sizes=\"auto, (max-width: 336px) 100vw, 336px\" \/><\/a><\/figure>\n\n\n\n<figure class=\"wp-block-image size-large\"><a href=\"https:\/\/xn--gstefhrungen-in-rheinhessen-bkc41e.de\/wp-content\/uploads\/2015\/11\/IMG_4103.jpg\"><img loading=\"lazy\" decoding=\"async\" width=\"448\" height=\"336\" data-id=\"45\" src=\"https:\/\/xn--gstefhrungen-in-rheinhessen-bkc41e.de\/wp-content\/uploads\/2015\/11\/IMG_4103.jpg\" alt=\"\" class=\"wp-image-45\" srcset=\"https:\/\/xn--gstefhrungen-in-rheinhessen-bkc41e.de\/wp-content\/uploads\/2015\/11\/IMG_4103.jpg 448w, https:\/\/xn--gstefhrungen-in-rheinhessen-bkc41e.de\/wp-content\/uploads\/2015\/11\/IMG_4103-300x225.jpg 300w\" sizes=\"auto, (max-width: 448px) 100vw, 448px\" \/><\/a><\/figure>\n\n\n\n<figure class=\"wp-block-image size-large\"><a href=\"https:\/\/xn--gstefhrungen-in-rheinhessen-bkc41e.de\/wp-content\/uploads\/2015\/11\/Judengasse-in-Worms.jpg\"><img loading=\"lazy\" decoding=\"async\" width=\"336\" height=\"448\" data-id=\"47\" src=\"https:\/\/xn--gstefhrungen-in-rheinhessen-bkc41e.de\/wp-content\/uploads\/2015\/11\/Judengasse-in-Worms.jpg\" alt=\"\" class=\"wp-image-47\" srcset=\"https:\/\/xn--gstefhrungen-in-rheinhessen-bkc41e.de\/wp-content\/uploads\/2015\/11\/Judengasse-in-Worms.jpg 336w, https:\/\/xn--gstefhrungen-in-rheinhessen-bkc41e.de\/wp-content\/uploads\/2015\/11\/Judengasse-in-Worms-225x300.jpg 225w\" sizes=\"auto, (max-width: 336px) 100vw, 336px\" \/><\/a><\/figure>\n\n\n\n<figure class=\"wp-block-image size-large\"><a href=\"https:\/\/xn--gstefhrungen-in-rheinhessen-bkc41e.de\/wp-content\/uploads\/2015\/11\/5290269.jpg\"><img loading=\"lazy\" decoding=\"async\" width=\"448\" height=\"336\" data-id=\"48\" src=\"https:\/\/xn--gstefhrungen-in-rheinhessen-bkc41e.de\/wp-content\/uploads\/2015\/11\/5290269.jpg\" alt=\"\" class=\"wp-image-48\" srcset=\"https:\/\/xn--gstefhrungen-in-rheinhessen-bkc41e.de\/wp-content\/uploads\/2015\/11\/5290269.jpg 448w, https:\/\/xn--gstefhrungen-in-rheinhessen-bkc41e.de\/wp-content\/uploads\/2015\/11\/5290269-300x225.jpg 300w\" sizes=\"auto, (max-width: 448px) 100vw, 448px\" \/><\/a><\/figure>\n\n\n\n<figure class=\"wp-block-image size-large\"><a href=\"https:\/\/xn--gstefhrungen-in-rheinhessen-bkc41e.de\/wp-content\/uploads\/2015\/11\/390.jpg\"><img loading=\"lazy\" decoding=\"async\" width=\"336\" height=\"448\" data-id=\"49\" src=\"https:\/\/xn--gstefhrungen-in-rheinhessen-bkc41e.de\/wp-content\/uploads\/2015\/11\/390.jpg\" alt=\"\" class=\"wp-image-49\" srcset=\"https:\/\/xn--gstefhrungen-in-rheinhessen-bkc41e.de\/wp-content\/uploads\/2015\/11\/390.jpg 336w, https:\/\/xn--gstefhrungen-in-rheinhessen-bkc41e.de\/wp-content\/uploads\/2015\/11\/390-225x300.jpg 225w\" sizes=\"auto, (max-width: 336px) 100vw, 336px\" \/><\/a><\/figure>\n<\/figure>\n\n\n\n<p>Worms ist eine der \u00e4ltesten St\u00e4dte in Deutschland. Als Stadt der Kulturen steht der Dom, der \u00e4lteste j\u00fcdische Friedhof und das Weltreformationsdenkmal im Focus der kulturhistorischen Rundg\u00e4nge.<\/p>\n\n\n\n<p>Die angebotenen F\u00fchrungen k\u00f6nnen selbstverst\u00e4ndlich bez\u00fcgl. der Inhalte, der Dauer u.a. ver\u00e4ndert werden.<\/p>\n\n\n\n<p class=\"has-text-align-left\">F\u00fchrung<strong>: Worms &#8211; eine der \u00e4ltesten St\u00e4dte in Deutschland <\/strong>&#8211; Stadtbesichtigung mit Dom (innen und au\u00dfen), j\u00fcdischer Friedhof, Weltreformationsdenkmal, Stadtgeschichte u.a. &#8211; Dauer: ca. 2 Stunden, Kosten 120,- \u20ac\/Gruppe bis 30 Personen.<\/p>\n\n\n\n<p class=\"has-text-align-left\">F\u00fchrung: <strong>J\u00fcdische Gedenkst\u00e4tten in Worms &#8211; <\/strong>ehemaliges j\u00fcdisches Wohngebiet mit Synagogenbezirk und j\u00fcdischer Friedhof &#8222;Heiliger Sand&#8220; &#8211; Dauer: ca. 2 Stunden, Kosten 120,-\u20ac\/Gruppe bis 30 Personen.<\/p>\n","protected":false},"excerpt":{"rendered":"<p>Worms ist eine der \u00e4ltesten St\u00e4dte in Deutschland. Als Stadt der Kulturen steht der Dom, der \u00e4lteste j\u00fcdische Friedhof und das Weltreformationsdenkmal im Focus der kulturhistorischen Rundg\u00e4nge. Die angebotenen F\u00fchrungen k\u00f6nnen selbstverst\u00e4ndlich bez\u00fcgl. der Inhalte, der Dauer u.a. ver\u00e4ndert werden. F\u00fchrung: Worms &#8211; eine der \u00e4ltesten St\u00e4dte in Deutschland &#8211; Stadtbesichtigung mit Dom (innen und &hellip; <\/p>\n<p class=\"link-more\"><a href=\"https:\/\/g\u00e4stef\u00fchrungen-in-rheinhessen.de\/?page_id=70\" class=\"more-link\"><span class=\"screen-reader-text\">\u201eWorms\u201c <\/span>weiterlesen<\/a><\/p>\n","protected":false},"author":2,"featured_media":0,"parent":0,"menu_order":0,"comment_status":"closed","ping_status":"closed","template":"","meta":{"footnotes":""},"class_list":["post-70","page","type-page","status-publish","hentry"],"_links":{"self":[{"href":"https:\/\/g\u00e4stef\u00fchrungen-in-rheinhessen.de\/index.php?rest_route=\/wp\/v2\/pages\/70","targetHints":{"allow":["GET"]}}],"collection":[{"href":"https:\/\/g\u00e4stef\u00fchrungen-in-rheinhessen.de\/index.php?rest_route=\/wp\/v2\/pages"}],"about":[{"href":"https:\/\/g\u00e4stef\u00fchrungen-in-rheinhessen.de\/index.php?rest_route=\/wp\/v2\/types\/page"}],"author":[{"embeddable":true,"href":"https:\/\/g\u00e4stef\u00fchrungen-in-rheinhessen.de\/index.php?rest_route=\/wp\/v2\/users\/2"}],"replies":[{"embeddable":true,"href":"https:\/\/g\u00e4stef\u00fchrungen-in-rheinhessen.de\/index.php?rest_route=%2Fwp%2Fv2%2Fcomments&post=70"}],"version-history":[{"count":4,"href":"https:\/\/g\u00e4stef\u00fchrungen-in-rheinhessen.de\/index.php?rest_route=\/wp\/v2\/pages\/70\/revisions"}],"predecessor-version":[{"id":540,"href":"https:\/\/g\u00e4stef\u00fchrungen-in-rheinhessen.de\/index.php?rest_route=\/wp\/v2\/pages\/70\/revisions\/540"}],"wp:attachment":[{"href":"https:\/\/g\u00e4stef\u00fchrungen-in-rheinhessen.de\/index.php?rest_route=%2Fwp%2Fv2%2Fmedia&parent=70"}],"curies":[{"name":"wp","href":"https:\/\/api.w.org\/{rel}","templated":true}]}}