{"id":97,"date":"2015-11-27T12:19:26","date_gmt":"2015-11-27T11:19:26","guid":{"rendered":"http:\/\/g\u00e4stef\u00fchrungen-in-rheinhessen.de\/?page_id=97"},"modified":"2025-01-22T13:49:25","modified_gmt":"2025-01-22T12:49:25","slug":"juedisches-worms","status":"publish","type":"page","link":"https:\/\/g\u00e4stef\u00fchrungen-in-rheinhessen.de\/?page_id=97","title":{"rendered":"F\u00fchrung zu den j\u00fcdischen Gedenkst\u00e4tten"},"content":{"rendered":"\n<p>In Worms bestand 1000 Jahre eine j\u00fcdische Gemeinde. Folgende j\u00fcdische Gedenkst\u00e4tten werden in der F\u00fchrung besucht: Die Judengasse, der Syngagogenbezirk und der \u00e4lteste j\u00fcdische Friedhof in Europa, die seit 2021 Teil des Welterbes  der SchUM-St\u00e4dte (Speyer, Worms und Mainz) sind.<\/p>\n\n\n<div class=\"wp-block-image\">\n<figure class=\"alignright\"><a href=\"https:\/\/xn--gstefhrungen-in-rheinhessen-bkc41e.de\/wp-content\/uploads\/2015\/11\/J\u00fcd.-Friedhof-Worms.jpg\"><img loading=\"lazy\" decoding=\"async\" width=\"300\" height=\"169\" src=\"https:\/\/xn--gstefhrungen-in-rheinhessen-bkc41e.de\/wp-content\/uploads\/2015\/11\/J\u00fcd.-Friedhof-Worms-300x169.jpg\" alt=\"Zwei M\u00e4rtyrergr\u00e4ber, die Pilgerort f\u00fcr Juden aus der ganzen Welt sind. \" class=\"wp-image-122\" srcset=\"https:\/\/xn--gstefhrungen-in-rheinhessen-bkc41e.de\/wp-content\/uploads\/2015\/11\/J\u00fcd.-Friedhof-Worms-300x169.jpg 300w, https:\/\/xn--gstefhrungen-in-rheinhessen-bkc41e.de\/wp-content\/uploads\/2015\/11\/J\u00fcd.-Friedhof-Worms.jpg 448w\" sizes=\"auto, (max-width: 300px) 100vw, 300px\" \/><\/a><figcaption class=\"wp-element-caption\">Zwei M\u00e4rtyrergr\u00e4ber, ein Pilgerort f\u00fcr Juden aus der ganzen Welt.<\/figcaption><\/figure>\n<\/div>\n\n\n<p>Kosten: 120,- \u20ac\/Gruppe bis 30 Personen<\/p>\n\n\n\n<p>*Der j\u00fcdische Friedhof ist samstags geschlossen.<\/p>\n\n\n\n<p>Dauer der F\u00fchrung: ca. 2 Stunden<\/p>\n","protected":false},"excerpt":{"rendered":"<p>In Worms bestand 1000 Jahre eine j\u00fcdische Gemeinde. Folgende j\u00fcdische Gedenkst\u00e4tten werden in der F\u00fchrung besucht: Die Judengasse, der Syngagogenbezirk und der \u00e4lteste j\u00fcdische Friedhof in Europa, die seit 2021 Teil des Welterbes der SchUM-St\u00e4dte (Speyer, Worms und Mainz) sind. Kosten: 120,- \u20ac\/Gruppe bis 30 Personen *Der j\u00fcdische Friedhof ist samstags geschlossen. Dauer der F\u00fchrung: &hellip; <\/p>\n<p class=\"link-more\"><a href=\"https:\/\/g\u00e4stef\u00fchrungen-in-rheinhessen.de\/?page_id=97\" class=\"more-link\"><span class=\"screen-reader-text\">\u201eF\u00fchrung zu den j\u00fcdischen Gedenkst\u00e4tten\u201c <\/span>weiterlesen<\/a><\/p>\n","protected":false},"author":2,"featured_media":0,"parent":70,"menu_order":0,"comment_status":"closed","ping_status":"closed","template":"","meta":{"footnotes":""},"class_list":["post-97","page","type-page","status-publish","hentry"],"_links":{"self":[{"href":"https:\/\/g\u00e4stef\u00fchrungen-in-rheinhessen.de\/index.php?rest_route=\/wp\/v2\/pages\/97","targetHints":{"allow":["GET"]}}],"collection":[{"href":"https:\/\/g\u00e4stef\u00fchrungen-in-rheinhessen.de\/index.php?rest_route=\/wp\/v2\/pages"}],"about":[{"href":"https:\/\/g\u00e4stef\u00fchrungen-in-rheinhessen.de\/index.php?rest_route=\/wp\/v2\/types\/page"}],"author":[{"embeddable":true,"href":"https:\/\/g\u00e4stef\u00fchrungen-in-rheinhessen.de\/index.php?rest_route=\/wp\/v2\/users\/2"}],"replies":[{"embeddable":true,"href":"https:\/\/g\u00e4stef\u00fchrungen-in-rheinhessen.de\/index.php?rest_route=%2Fwp%2Fv2%2Fcomments&post=97"}],"version-history":[{"count":9,"href":"https:\/\/g\u00e4stef\u00fchrungen-in-rheinhessen.de\/index.php?rest_route=\/wp\/v2\/pages\/97\/revisions"}],"predecessor-version":[{"id":545,"href":"https:\/\/g\u00e4stef\u00fchrungen-in-rheinhessen.de\/index.php?rest_route=\/wp\/v2\/pages\/97\/revisions\/545"}],"up":[{"embeddable":true,"href":"https:\/\/g\u00e4stef\u00fchrungen-in-rheinhessen.de\/index.php?rest_route=\/wp\/v2\/pages\/70"}],"wp:attachment":[{"href":"https:\/\/g\u00e4stef\u00fchrungen-in-rheinhessen.de\/index.php?rest_route=%2Fwp%2Fv2%2Fmedia&parent=97"}],"curies":[{"name":"wp","href":"https:\/\/api.w.org\/{rel}","templated":true}]}}